ultiple of 88?
True
Is 49776105 a multiple of 2252?
False
Does 121 divide 393199059?
True
Does 885 divide 382490813?
False
Does 92 divide 2638304?
False
Does 2359 divide 229129670?
True
Is 18866787 a multiple of 51?
True
Does 18 divide 1130488316?
False
Is 120392788 a multiple of 247?
False
Does 18 divide 28622103?
False
Does 7 divide 107801463?
True
Is 599268965 a multiple of 188?
False
Is 11686484 even?
True
Is 184501807 a multiple of 7?
True
Is 3196 a factor of 51790437?
False
Does 24 divide 481105968?
True
Is 9125569 a multiple of 37?
True
Does 121 divide 719424424?
False
Does 10 divide 2730860?
True
Does 24 divide 90771467?
False
Does 177 divide 279008?
False
Is 2660 a factor of 292123559?
False
Is 627 a factor of 746905599?
True
Is 36226054 a multiple of 248?
False
Is 93088352 a multiple of 8?
True
Does 151 divide 1999858705?
False
Is 794364032 a multiple of 32?
True
Is 1051 a factor of 30606171?
True
Does 1347 divide 50881578?
True
Is 11217325 a multiple of 1881?
False
Does 64 divide 145497280?
True
Does 284 divide 680098443?
False
Does 56 divide 2879786715?
False
Does 10 divide 62385479?
False
Is 3 a factor of 32254170?
True
Does 55 divide 318261010?
False
Is 296 a factor of 382551584?
True
Is 121 a factor of 3752439779?
True
Is 18 a factor of 1246279896?
True
Is 734467717 a multiple of 899?
True
Is 20 a factor of 324404720?
True
Does 1449 divide 77196924?
True
Does 8262 divide 666447240?
False
Is 4886 a factor of 59516366?
True
Does 18 divide 217590282?
True
Does 52 divide 1558461524?
False
Is 1117 a factor of 2007841010?
True
Is 371890080 a multiple of 288?
True
Does 444 divide 2492547739?
False
Is 6930924 a multiple of 21?
True
Is 653476362 a multiple of 28?
False
Is 88992560 a multiple of 8?
True
Is 11314653 a multiple of 103?
True
Does 1340 divide 19770360?
True
Is 18 a factor of 21994506?
True
Does 7 divide 797289654?
True
Does 3137 divide 3834234492?
False
Does 403 divide 91641797?
True
Is 75 a factor of 36510150?
True
Does 20 divide 20304673?
False
Is 29 a factor of 421240529?
False
Does 4915 divide 3072681060?
True
Is 45 a factor of 44879895?
True
Does 124 divide 14784088?
False
Does 1788 divide 179078928?
True
Is 108 a factor of 908445564?
True
Does 88 divide 863129?
False
Is 29 a factor of 469883230?
True
Is 335396697 a multiple of 66?
False
Is 653 a factor of 17061767?
False
Does 100 divide 45641957?
False
Is 63 a factor of 992197169?
False
Is 74490438 a multiple of 133?
False
Is 34609800 a multiple of 150?
True
Is 12 a factor of 73884?
True
Does 904 divide 206592928?
True
Does 9 divide 239825662?
False
Is 381479911 a multiple of 577?
False
Is 10 a factor of 1264487758?
False
Is 2 a factor of 37021861?
False
Is 8177317 a multiple of 31?
False
Is 1658 a factor of 49428463?
False
Is 1708144128 a multiple of 3632?
True
Is 895 a factor of 61533935?
True
Is 4 a factor of 50237535?
False
Is 834 a factor of 3598775?
False
Is 7023900 a multiple of 650?
True
Is 103 a factor of 352106633?
True
Does 1340 divide 80197671?
False
Does 24 divide 107794399?
False
Is 181 a factor of 62399950?
False
Does 16 divide 12441257?
False
Does 64 divide 56196287?
False
Does 1045 divide 108227515?
True
Does 16 divide 1362885264?
True
Is 1979 a factor of 4383692795?
True
Does 13 divide 485796779?
True
Does 49 divide 356115046?
True
Does 8 divide 2699219721?
False
Does 2201 divide 36608175?
False
Is 44 a factor of 155078384?
False
Is 2 a factor of 335423435?
False
Is 165 a factor of 138444570?
True
Is 627417912 a multiple of 716?
True
Is 277 a factor of 51193568?
False
Is 222 a factor of 5206122?
True
Is 41 a factor of 5528235?
True
Is 42265219 a multiple of 127?
True
Does 260 divide 359523767?
False
Is 2620 a factor of 11112966?
False
Is 995021904 a multiple of 27?
False
Is 375 a factor of 72768375?
True
Is 3387 a factor of 66264821?
False
Is 57 a factor of 1170457?
False
Is 618 a factor of 57799686?
True
Is 706798729 a multiple of 13?
True
Is 12 a factor of 3480159280?
False
Is 55235189 a multiple of 14?
False
Does 1261 divide 112518265?
False
Does 6 divide 17292420?
True
Does 62 divide 6665682?
True
Is 4 a factor of 11211885?
False
Is 21360782 a multiple of 163?
False
Is 18442332 a multiple of 306?
False
Is 17010438 a multiple of 17?
True
Is 318916749 a multiple of 636?
False
Is 116 a factor of 592424180?
True
Is 334 a factor of 2002160996?
True
Does 3917 divide 598830007?
False
Does 2 divide 3667480?
True
Does 2914 divide 73890298?
True
Does 17 divide 39237233?
False
Does 3 divide 57952947?
True
Is 653754740 a multiple of 6121?
False
Does 67 divide 8216064?
False
Does 120 divide 74389200?
True
Is 1062803211 a multiple of 2710?
False
Does 222 divide 2616928452?
True
Is 29712892 a multiple of 115?
False
Is 335275226 a multiple of 13?
True
Is 258 a factor of 8431282?
False
Is 8729670 a multiple of 34?
True
Is 74 a factor of 66075440?
False
Is 41581875 a multiple of 129?
False
Does 19 divide 34214326?
True
Is 35162120 a multiple of 14?
True
Is 33 a factor of 10899207?
True
Does 9 divide 1666357137?
True
Is 1221752 a multiple of 56?
True
Is 117576793 a multiple of 1682?
False
Is 62427046 a multiple of 14?
False
Does 1944 divide 73698984?
True
Is 9 a factor of 413390485?
False
Is 282867047 a multiple of 4189?
False
Is 1352799920 a multiple of 3140?
True
Is 32 a factor of 125145152?
True
Is 151 a factor of 74364745?
False
Does 2136 divide 106481736?
True
Is 7 a factor of 43584772?
True
Is 92555707 a multiple of 1577?
True
Is 1700 a factor of 44308800?
True
Is 144322244 a multiple of 113?
True
Is 773 a factor of 106928401?
False
Is 6 a factor of 2880240?
True
Is 25160868 a multiple of 6?
True
Is 481 a factor of 2391263121?
True
Is 22 a factor of 1024310587?
False
Is 6 a factor of 90306966?
True
Is 2945465 a multiple of 101?
False
Is 943888564 a multiple of 1636?
True
Does 10 divide 128581580?
True
Does 113 divide 15829944?
True
Is 285004035 a multiple of 27?
True
Does 964 divide 51074648?
True
Is 823727792 a multiple of 8?
True
Is 542191558 a multiple of 1019?
True
Is 400562250 a multiple of 46?
True
Is 244796006 a multiple of 7?
True
Is 20199859 a multiple of 3?
False
Does 13 divide 226448695?
False
Does 34 divide 97322178?
True
Does 15 divide 51070305?
True
Is 2546951794 a multiple of 203?
False
Is 131465177 a multiple of 3406?
False
Is 3565832144 a multiple of 4579?
True
Is 12 a factor of 64434858?
False
Is 922027588 a multiple of 139?
True
Does 4 divide 15772888?
True
Is 3042 a factor of 71760780?
True
Does 12 divide 5793624?
True
Is 113 a factor of 10727941?
False
Is 441603253 a multiple of 14?
False
Does 54 divide 148712484?
False
Is 3785217957 a multiple of 102?
False
Does 2 divide 8872924?
True
Is 21661028 a multiple of 29?
True
Is 245228100 a multiple of 3324?
True
Is 841 a factor of 18836306?
False
Is 22 a factor of 43065132?
True
Does 1325 divide 226690275?
True
Is 86 a factor of 215838930?
True
Is 17042755 a multiple of 53?
False
Is 17180074 a multiple of 137?
True
Is 4 a factor of 3739076?
True
Is 83 a factor of 226971246?
False
Does 156 divide 87692689?
False
Is 5475128 a multiple of 1028?
True
Does 33 divide 8955375?
True
Is 39984949 a multiple of 1007?
True
Is 117 a factor of 84307509?
True
Is 28743400 a multiple of 177?
False
Is 17 a factor of 2222388744?
False
Is 104440560 a multiple of 2352?
True
Does 256 divide 66510592?
True
Does 3338 divide 228307877?
False
Is 336 a factor of 428500800?
True
Is 1172 a factor of 226994132?
True
Does 163 divide 98668387?
False
Does 17 divide 47873343?
True
Does 32 divide 38150176?
True
Is 1188480 a multiple of 8?
True
Is 338 a factor of 41150486?
True
Is 6035 a factor of 100096510?
True
Does 3 divide 388958208?
True
Does 146 divide 115010189?
False
Is 161 a factor of 11669602?
True
Is 182948304 a multiple of 24?
True
Is 527237343 a multiple of 81?
True
Does 1970 divide 32136610?
True
Does 3 divide 33675013?
False
Does 327 divide 283640952?
False
Is 49 a factor of 4035297?
True
Does 35 divide 16750689?
False
Is 8437 a factor of 3090034376?
True
Is 377 a factor of 6733330?
False
Does 5 divide 9164880?
True
Does 19 divide 84939812?
False
Is 6798745585 a multiple of 14155?
True
Is 335938221 a multiple of 303?
True
Is 22 a factor of 105391110?
True
Is 31476175 a multiple of 1209?
False
Does 19 divide 190